{"id":143,"date":"2016-02-11T18:35:03","date_gmt":"2016-02-11T18:35:03","guid":{"rendered":"http:\/\/qualiarcondicionado.com.br\/quali\/?page_id=143"},"modified":"2024-08-26T21:01:14","modified_gmt":"2024-08-26T21:01:14","slug":"home","status":"publish","type":"page","link":"http:\/\/qualiarcondicionado.com.br\/quali\/","title":{"rendered":"Quali Ar Condicionado"},"content":{"rendered":"<p style=\"text-align: justify;\">\n<p>A <span class=\"SpellE\">Quali<\/span>\u00a0atua no segmento de ar condicionado,\u00a0refrigera\u00e7\u00e3o em geral,\u00a0exaust\u00e3o, aquecimento, umidifica\u00e7\u00e3o e ventila\u00e7\u00e3o.<\/p>\n<p style=\"text-align: justify;\">Presta atendimento nas \u00e1reas de projetos, vendas, instala\u00e7\u00f5es, fabrica\u00e7\u00e3o\u00a0de rede\u00a0de dutos, manuten\u00e7\u00f5es preventivas e corretivas.<\/p>\n<p>Atualmente tem como principal objetivo, atender n\u00e3o s\u00f3 as necessidades de seus clientes,\u00a0mas superar as expectativas, garantindo sempre uma qualidade superior ao\u00a0mercado, pontualidade na conclus\u00e3o de seus servi\u00e7os, e tratamento diferenciado\u00a0a\u00a0todos os seus clientes.<\/p>\n<p style=\"text-align: justify;\">E\u00a0para que esse objetivo seja alcan\u00e7ado, a <span class=\"SpellE\">Quali<\/span> tem\u00a0como compromisso, o bom relacionamento com os fabricantes, e \u00f3timo ambiente\u00a0organizacional, para que seus funcion\u00e1rios tenham a id\u00e9ia fixa que fazem parte\u00a0de uma fam\u00edlia, e que s\u00e3o respons\u00e1veis diretos para o crescimento da empresa.<\/p>\n","protected":false},"excerpt":{"rendered":"<p>A Quali\u00a0atua no segmento de ar condicionado,\u00a0refrigera\u00e7\u00e3o em geral,\u00a0exaust\u00e3o, aquecimento, umidifica\u00e7\u00e3o e ventila\u00e7\u00e3o. Presta atendimento nas \u00e1reas de projetos, vendas, instala\u00e7\u00f5es, fabrica\u00e7\u00e3o\u00a0de rede\u00a0de dutos, manuten\u00e7\u00f5es preventivas e corretivas. Atualmente tem como principal objetivo, atender n\u00e3o s\u00f3 as necessidades de seus clientes,\u00a0mas superar as expectativas, garantindo sempre uma qualidade superior ao\u00a0mercado,\u2026<\/p>\n<p class=\"continue-reading-button\"> <a class=\"continue-reading-link\" href=\"http:\/\/qualiarcondicionado.com.br\/quali\/\">Continue reading<i class=\"crycon-right-dir\"><\/i><\/a><\/p>\n","protected":false},"author":1,"featured_media":0,"parent":0,"menu_order":0,"comment_status":"closed","ping_status":"closed","template":"","meta":[],"_links":{"self":[{"href":"http:\/\/qualiarcondicionado.com.br\/quali\/index.php\/wp-json\/wp\/v2\/pages\/143"}],"collection":[{"href":"http:\/\/qualiarcondicionado.com.br\/quali\/index.php\/wp-json\/wp\/v2\/pages"}],"about":[{"href":"http:\/\/qualiarcondicionado.com.br\/quali\/index.php\/wp-json\/wp\/v2\/types\/page"}],"author":[{"embeddable":true,"href":"http:\/\/qualiarcondicionado.com.br\/quali\/index.php\/wp-json\/wp\/v2\/users\/1"}],"replies":[{"embeddable":true,"href":"http:\/\/qualiarcondicionado.com.br\/quali\/index.php\/wp-json\/wp\/v2\/comments?post=143"}],"version-history":[{"count":25,"href":"http:\/\/qualiarcondicionado.com.br\/quali\/index.php\/wp-json\/wp\/v2\/pages\/143\/revisions"}],"predecessor-version":[{"id":459,"href":"http:\/\/qualiarcondicionado.com.br\/quali\/index.php\/wp-json\/wp\/v2\/pages\/143\/revisions\/459"}],"wp:attachment":[{"href":"http:\/\/qualiarcondicionado.com.br\/quali\/index.php\/wp-json\/wp\/v2\/media?parent=143"}],"curies":[{"name":"wp","href":"https:\/\/api.w.org\/{rel}","templated":true}]}}