{"id":181,"date":"2016-02-11T19:34:03","date_gmt":"2016-02-11T19:34:03","guid":{"rendered":"http:\/\/qualiarcondicionado.com.br\/quali\/?page_id=181"},"modified":"2018-07-23T15:21:58","modified_gmt":"2018-07-23T15:21:58","slug":"manutencao-2-2","status":"publish","type":"page","link":"http:\/\/qualiarcondicionado.com.br\/quali\/index.php\/manutencao-2-2\/","title":{"rendered":"Manuten\u00e7\u00e3o"},"content":{"rendered":"<p style=\"text-align: justify;\"><img decoding=\"async\" loading=\"lazy\" class=\"alignleft wp-image-132 size-medium\" src=\"http:\/\/qualiarcondicionado.com.br\/quali\/wp-content\/uploads\/2016\/02\/manut-300x163.jpg\" alt=\"manut\" width=\"300\" height=\"163\" srcset=\"http:\/\/qualiarcondicionado.com.br\/quali\/wp-content\/uploads\/2016\/02\/manut-300x163.jpg 300w, http:\/\/qualiarcondicionado.com.br\/quali\/wp-content\/uploads\/2016\/02\/manut-250x136.jpg 250w, http:\/\/qualiarcondicionado.com.br\/quali\/wp-content\/uploads\/2016\/02\/manut-150x82.jpg 150w, http:\/\/qualiarcondicionado.com.br\/quali\/wp-content\/uploads\/2016\/02\/manut.jpg 605w\" sizes=\"(max-width: 300px) 100vw, 300px\" \/>A Quali realiza manuten\u00e7\u00f5es preventivas e corretivas, de acordo com as normas da <strong>ANVISA<\/strong>, sempre com a emiss\u00e3o mensal do<strong>\u00a0<\/strong><strong>PMOC<\/strong>\u00a0(plano de manuten\u00e7\u00e3o, opera\u00e7\u00e3o e controle), e\u00a0<strong>ART <\/strong><strong>anual<\/strong> conforme exigido pela fiscaliza\u00e7\u00e3o.<\/p>\n<p style=\"text-align: justify;\">Conforme <a href=\"http:\/\/portal.anvisa.gov.br\/resultado-de-busca?p_p_id=101&amp;p_p_lifecycle=0&amp;p_p_state=maximized&amp;p_p_mode=view&amp;p_p_col_id=column-1&amp;p_p_col_count=1&amp;_101_struts_action=%2Fasset_publisher%2Fview_content&amp;_101_assetEntryId=2868762&amp;_101_type=content&amp;_101_groupId=219201&amp;_101_urlTitle=ar-condicionado-regras&amp;inheritRedirect=true\" target=\"_blank\" rel=\"noopener\"><strong>Portaria 3.523 de 28.08.1998<\/strong><\/a>, \u00e9 obrigat\u00f3ria a realiza\u00e7\u00e3o da manuten\u00e7\u00e3o mensalmente.<\/p>\n<p style=\"text-align: justify;\">\n","protected":false},"excerpt":{"rendered":"<p>A Quali realiza manuten\u00e7\u00f5es preventivas e corretivas, de acordo com as normas da ANVISA, sempre com a emiss\u00e3o mensal do\u00a0PMOC\u00a0(plano de manuten\u00e7\u00e3o, opera\u00e7\u00e3o e controle), e\u00a0ART anual conforme exigido pela fiscaliza\u00e7\u00e3o. Conforme Portaria 3.523 de 28.08.1998, \u00e9 obrigat\u00f3ria a realiza\u00e7\u00e3o da manuten\u00e7\u00e3o mensalmente.<\/p>\n<p class=\"continue-reading-button\"> <a class=\"continue-reading-link\" href=\"http:\/\/qualiarcondicionado.com.br\/quali\/index.php\/manutencao-2-2\/\">Continue reading<i class=\"crycon-right-dir\"><\/i><\/a><\/p>\n","protected":false},"author":1,"featured_media":0,"parent":0,"menu_order":0,"comment_status":"closed","ping_status":"closed","template":"templates\/template-onecolumn.php","meta":[],"_links":{"self":[{"href":"http:\/\/qualiarcondicionado.com.br\/quali\/index.php\/wp-json\/wp\/v2\/pages\/181"}],"collection":[{"href":"http:\/\/qualiarcondicionado.com.br\/quali\/index.php\/wp-json\/wp\/v2\/pages"}],"about":[{"href":"http:\/\/qualiarcondicionado.com.br\/quali\/index.php\/wp-json\/wp\/v2\/types\/page"}],"author":[{"embeddable":true,"href":"http:\/\/qualiarcondicionado.com.br\/quali\/index.php\/wp-json\/wp\/v2\/users\/1"}],"replies":[{"embeddable":true,"href":"http:\/\/qualiarcondicionado.com.br\/quali\/index.php\/wp-json\/wp\/v2\/comments?post=181"}],"version-history":[{"count":11,"href":"http:\/\/qualiarcondicionado.com.br\/quali\/index.php\/wp-json\/wp\/v2\/pages\/181\/revisions"}],"predecessor-version":[{"id":454,"href":"http:\/\/qualiarcondicionado.com.br\/quali\/index.php\/wp-json\/wp\/v2\/pages\/181\/revisions\/454"}],"wp:attachment":[{"href":"http:\/\/qualiarcondicionado.com.br\/quali\/index.php\/wp-json\/wp\/v2\/media?parent=181"}],"curies":[{"name":"wp","href":"https:\/\/api.w.org\/{rel}","templated":true}]}}