{"id":204,"date":"2016-02-11T20:27:26","date_gmt":"2016-02-11T20:27:26","guid":{"rendered":"http:\/\/qualiarcondicionado.com.br\/quali\/?page_id=204"},"modified":"2017-09-14T00:19:50","modified_gmt":"2017-09-14T00:19:50","slug":"topicos-importantes","status":"publish","type":"page","link":"http:\/\/qualiarcondicionado.com.br\/quali\/index.php\/topicos-importantes\/","title":{"rendered":"T\u00f3picos Importantes"},"content":{"rendered":"<p><a href=\"http:\/\/qualiarcondicionado.com.br\/quali\/wp-content\/uploads\/2016\/02\/topicos-import.jpg\" rel=\"attachment wp-att-141\"><img decoding=\"async\" loading=\"lazy\" class=\"alignleft wp-image-141 size-medium\" src=\"http:\/\/qualiarcondicionado.com.br\/quali\/wp-content\/uploads\/2016\/02\/topicos-import-300x131.jpg\" alt=\"topicos import\" width=\"300\" height=\"131\" srcset=\"http:\/\/qualiarcondicionado.com.br\/quali\/wp-content\/uploads\/2016\/02\/topicos-import-300x131.jpg 300w, http:\/\/qualiarcondicionado.com.br\/quali\/wp-content\/uploads\/2016\/02\/topicos-import-250x109.jpg 250w, http:\/\/qualiarcondicionado.com.br\/quali\/wp-content\/uploads\/2016\/02\/topicos-import-150x65.jpg 150w, http:\/\/qualiarcondicionado.com.br\/quali\/wp-content\/uploads\/2016\/02\/topicos-import.jpg 520w\" sizes=\"(max-width: 300px) 100vw, 300px\" \/><\/a><\/p>\n<p>O desconforto ocasionado pelo calor influencia na\u00a0<strong>perda da concentra\u00e7\u00e3o<\/strong>, al\u00e9m de afetar a\u00a0<strong>sa\u00fade do nosso organismo.<\/strong><\/p>\n<p>Muitos consumidores acreditam que o ar condicionado prejudica a sa\u00fade dos usu\u00e1rios, provocando problemas respirat\u00f3rios, como, rinite, sinusite,bronquite, asma, entre outros.<\/p>\n<p>Por\u00e9m esse conceito \u00e9 falso, a ponto de serem obrigat\u00f3rios em unidades hospitalares, principalmente em \u00e1reas cr\u00edticas, como UTI e centro cir\u00fargico, onde o n\u00edvel de contamina\u00e7\u00e3o \u00e9 maior.<\/p>\n<p>&nbsp;<\/p>\n<p style=\"text-align: justify;\">\n","protected":false},"excerpt":{"rendered":"<p>O desconforto ocasionado pelo calor influencia na\u00a0perda da concentra\u00e7\u00e3o, al\u00e9m de afetar a\u00a0sa\u00fade do nosso organismo. Muitos consumidores acreditam que o ar condicionado prejudica a sa\u00fade dos usu\u00e1rios, provocando problemas respirat\u00f3rios, como, rinite, sinusite,bronquite, asma, entre outros. Por\u00e9m esse conceito \u00e9 falso, a ponto de serem obrigat\u00f3rios em unidades hospitalares,\u2026<\/p>\n<p class=\"continue-reading-button\"> <a class=\"continue-reading-link\" href=\"http:\/\/qualiarcondicionado.com.br\/quali\/index.php\/topicos-importantes\/\">Continue reading<i class=\"crycon-right-dir\"><\/i><\/a><\/p>\n","protected":false},"author":1,"featured_media":0,"parent":0,"menu_order":0,"comment_status":"closed","ping_status":"closed","template":"templates\/template-onecolumn.php","meta":[],"_links":{"self":[{"href":"http:\/\/qualiarcondicionado.com.br\/quali\/index.php\/wp-json\/wp\/v2\/pages\/204"}],"collection":[{"href":"http:\/\/qualiarcondicionado.com.br\/quali\/index.php\/wp-json\/wp\/v2\/pages"}],"about":[{"href":"http:\/\/qualiarcondicionado.com.br\/quali\/index.php\/wp-json\/wp\/v2\/types\/page"}],"author":[{"embeddable":true,"href":"http:\/\/qualiarcondicionado.com.br\/quali\/index.php\/wp-json\/wp\/v2\/users\/1"}],"replies":[{"embeddable":true,"href":"http:\/\/qualiarcondicionado.com.br\/quali\/index.php\/wp-json\/wp\/v2\/comments?post=204"}],"version-history":[{"count":22,"href":"http:\/\/qualiarcondicionado.com.br\/quali\/index.php\/wp-json\/wp\/v2\/pages\/204\/revisions"}],"predecessor-version":[{"id":452,"href":"http:\/\/qualiarcondicionado.com.br\/quali\/index.php\/wp-json\/wp\/v2\/pages\/204\/revisions\/452"}],"wp:attachment":[{"href":"http:\/\/qualiarcondicionado.com.br\/quali\/index.php\/wp-json\/wp\/v2\/media?parent=204"}],"curies":[{"name":"wp","href":"https:\/\/api.w.org\/{rel}","templated":true}]}}